{"id":2839,"date":"2023-02-24T15:07:26","date_gmt":"2023-02-24T14:07:26","guid":{"rendered":"https:\/\/franken-feuerwerk.de\/?post_type=product&#038;p=2839"},"modified":"2026-02-09T12:20:22","modified_gmt":"2026-02-09T11:20:22","slug":"king-of-bling","status":"publish","type":"product","link":"https:\/\/franken-feuerwerk.de\/index.php\/produkt\/king-of-bling\/","title":{"rendered":"King of Bling"},"content":{"rendered":"<p>King of Bling, Verbund mit 100 Schuss Kaliber 25mm und ca. 45 Sekunden Brenndauer, mit folgenden Effekten:<\/p>\n<p>1.) Titangold-Schweifaufstieg zu Titangoldweide mit goldenen Blinksternen<\/p>\n<p>2.) Brokat-Schweifaufstieg zu Brokatkrone mit roten Blinksternen<\/p>\n<p>3.) Titangold-Schweifaufstieg zu Titangoldweide mit gr\u00fcnen Blinksternen<\/p>\n<p>4.) Brokat-Schweifaufstieg zu Brokatkrone mit wei\u00dfen Blinksternen<\/p>\n<p>5.) Corolla-Schweifaufstieg zu Corollaweide mit Blinksternen in Rot, Gr\u00fcn und Gold<\/p>\n","protected":false},"excerpt":{"rendered":"<p>King of Bling, Verbund mit 100 Schuss Kaliber 25mm und ca. 45 Sekunden Brenndauer, mit folgenden Effekten: 1.) Titangold-Schweifaufstieg zu Titangoldweide mit goldenen Blinksternen 2.) Brokat-Schweifaufstieg zu Brokatkrone mit roten Blinksternen 3.) Titangold-Schweifaufstieg zu Titangoldweide mit gr\u00fcnen Blinksternen 4.) Brokat-Schweifaufstieg zu Brokatkrone mit wei\u00dfen Blinksternen 5.) Corolla-Schweifaufstieg zu Corollaweide mit Blinksternen in Rot, Gr\u00fcn und [&hellip;]<\/p>\n","protected":false},"featured_media":2840,"template":"","meta":{"site-sidebar-layout":"default","site-content-layout":"default","ast-site-content-layout":"default","site-content-style":"default","site-sidebar-style":"default","ast-global-header-display":"","ast-banner-title-visibility":"","ast-main-header-display":"","ast-hfb-above-header-display":"","ast-hfb-below-header-display":"","ast-hfb-mobile-header-display":"","site-post-title":"","ast-breadcrumbs-content":"","ast-featured-img":"","footer-sml-layout":"","ast-disable-related-posts":"","theme-transparent-header-meta":"default","adv-header-id-meta":"","stick-header-meta":"","header-above-stick-meta":"","header-main-stick-meta":"","header-below-stick-meta":"","astra-migrate-meta-layouts":"set","ast-page-background-enabled":"default","ast-page-background-meta":{"desktop":{"background-color":"var(--ast-global-color-4)","background-image":"","background-repeat":"repeat","background-position":"center center","background-size":"auto","background-attachment":"scroll","background-type":"","background-media":"","overlay-type":"","overlay-color":"","overlay-opacity":"","overlay-gradient":""},"tablet":{"background-color":"","background-image":"","background-repeat":"repeat","background-position":"center center","background-size":"auto","background-attachment":"scroll","background-type":"","background-media":"","overlay-type":"","overlay-color":"","overlay-opacity":"","overlay-gradient":""},"mobile":{"background-color":"","background-image":"","background-repeat":"repeat","background-position":"center center","background-size":"auto","background-attachment":"scroll","background-type":"","background-media":"","overlay-type":"","overlay-color":"","overlay-opacity":"","overlay-gradient":""}},"ast-content-background-meta":{"desktop":{"background-color":"var(--ast-global-color-5)","background-image":"","background-repeat":"repeat","background-position":"center center","background-size":"auto","background-attachment":"scroll","background-type":"","background-media":"","overlay-type":"","overlay-color":"","overlay-opacity":"","overlay-gradient":""},"tablet":{"background-color":"var(--ast-global-color-5)","background-image":"","background-repeat":"repeat","background-position":"center center","background-size":"auto","background-attachment":"scroll","background-type":"","background-media":"","overlay-type":"","overlay-color":"","overlay-opacity":"","overlay-gradient":""},"mobile":{"background-color":"var(--ast-global-color-5)","background-image":"","background-repeat":"repeat","background-position":"center center","background-size":"auto","background-attachment":"scroll","background-type":"","background-media":"","overlay-type":"","overlay-color":"","overlay-opacity":"","overlay-gradient":""}}},"product_brand":[],"product_cat":[588,1243,1250,43,1256],"product_tag":[718,303,716,717],"class_list":{"0":"post-2839","1":"product","2":"type-product","3":"status-publish","4":"has-post-thumbnail","6":"product_cat-marke","7":"product_cat-funke-albert","8":"product_cat-funke-albert-marke","9":"product_cat-verbundfeuerwerk","10":"product_cat-verbundfeuerwerk-funke-albert-marke","11":"product_tag-albert-feuerwerk","12":"product_tag-funke","13":"product_tag-funke-verbund","14":"product_tag-king-of-bling","15":"product_shipping_class-1-4-g","16":"desktop-align-left","17":"tablet-align-left","18":"mobile-align-left","20":"first","21":"instock","22":"shipping-taxable","23":"purchasable","24":"product-type-simple"},"jetpack_sharing_enabled":true,"_links":{"self":[{"href":"https:\/\/franken-feuerwerk.de\/index.php\/wp-json\/wp\/v2\/product\/2839","targetHints":{"allow":["GET"]}}],"collection":[{"href":"https:\/\/franken-feuerwerk.de\/index.php\/wp-json\/wp\/v2\/product"}],"about":[{"href":"https:\/\/franken-feuerwerk.de\/index.php\/wp-json\/wp\/v2\/types\/product"}],"wp:featuredmedia":[{"embeddable":true,"href":"https:\/\/franken-feuerwerk.de\/index.php\/wp-json\/wp\/v2\/media\/2840"}],"wp:attachment":[{"href":"https:\/\/franken-feuerwerk.de\/index.php\/wp-json\/wp\/v2\/media?parent=2839"}],"wp:term":[{"taxonomy":"product_brand","embeddable":true,"href":"https:\/\/franken-feuerwerk.de\/index.php\/wp-json\/wp\/v2\/product_brand?post=2839"},{"taxonomy":"product_cat","embeddable":true,"href":"https:\/\/franken-feuerwerk.de\/index.php\/wp-json\/wp\/v2\/product_cat?post=2839"},{"taxonomy":"product_tag","embeddable":true,"href":"https:\/\/franken-feuerwerk.de\/index.php\/wp-json\/wp\/v2\/product_tag?post=2839"}],"curies":[{"name":"wp","href":"https:\/\/api.w.org\/{rel}","templated":true}]}}