{"id":3150,"date":"2023-11-16T12:09:36","date_gmt":"2023-11-16T11:09:36","guid":{"rendered":"https:\/\/franken-feuerwerk.de\/?post_type=product&#038;p=3150"},"modified":"2026-02-05T11:24:21","modified_gmt":"2026-02-05T10:24:21","slug":"zink-z-1-bukettrakete","status":"publish","type":"product","link":"https:\/\/franken-feuerwerk.de\/index.php\/produkt\/zink-z-1-bukettrakete\/","title":{"rendered":"Zink Z 1 Bukettrakete"},"content":{"rendered":"<p>Zink Z 1 Bukettrakete, 10er-Sortiment Z1 beinhaltend je 2x:<\/p>\n<p>    Brokat und Blau (Kappenfarbe: blau)<br \/>\n    Silberweide (Kappenfarbe: silber)<br \/>\n    Silberweide und Rote Blinker (Kappenfarbe: rot)<br \/>\n    Tremolant und Lila (Kappenfarbe: gelb)<br \/>\n    Wei\u00dfe Blinker S und Rubinrot (Kappenfarbe: wei\u00df)<\/p>\n<p>Deutsche Produktion mit kr\u00e4ftiger Zerlegung und sehr langer Standzeit. Google einfach mal danach.<\/p>\n","protected":false},"excerpt":{"rendered":"<p>Zink Z 1 Bukettrakete, 10er-Sortiment Z1 beinhaltend je 2x: Brokat und Blau (Kappenfarbe: blau) Silberweide (Kappenfarbe: silber) Silberweide und Rote Blinker (Kappenfarbe: rot) Tremolant und Lila (Kappenfarbe: gelb) Wei\u00dfe Blinker S und Rubinrot (Kappenfarbe: wei\u00df) Deutsche Produktion mit kr\u00e4ftiger Zerlegung und sehr langer Standzeit. Google einfach mal danach.<\/p>\n","protected":false},"featured_media":3151,"template":"","meta":{"site-sidebar-layout":"default","site-content-layout":"","ast-site-content-layout":"default","site-content-style":"default","site-sidebar-style":"default","ast-global-header-display":"","ast-banner-title-visibility":"","ast-main-header-display":"","ast-hfb-above-header-display":"","ast-hfb-below-header-display":"","ast-hfb-mobile-header-display":"","site-post-title":"","ast-breadcrumbs-content":"","ast-featured-img":"","footer-sml-layout":"","ast-disable-related-posts":"","theme-transparent-header-meta":"default","adv-header-id-meta":"","stick-header-meta":"","header-above-stick-meta":"","header-main-stick-meta":"","header-below-stick-meta":"","astra-migrate-meta-layouts":"set","ast-page-background-enabled":"default","ast-page-background-meta":{"desktop":{"background-color":"var(--ast-global-color-4)","background-image":"","background-repeat":"repeat","background-position":"center center","background-size":"auto","background-attachment":"scroll","background-type":"","background-media":"","overlay-type":"","overlay-color":"","overlay-opacity":"","overlay-gradient":""},"tablet":{"background-color":"","background-image":"","background-repeat":"repeat","background-position":"center center","background-size":"auto","background-attachment":"scroll","background-type":"","background-media":"","overlay-type":"","overlay-color":"","overlay-opacity":"","overlay-gradient":""},"mobile":{"background-color":"","background-image":"","background-repeat":"repeat","background-position":"center center","background-size":"auto","background-attachment":"scroll","background-type":"","background-media":"","overlay-type":"","overlay-color":"","overlay-opacity":"","overlay-gradient":""}},"ast-content-background-meta":{"desktop":{"background-color":"var(--ast-global-color-5)","background-image":"","background-repeat":"repeat","background-position":"center center","background-size":"auto","background-attachment":"scroll","background-type":"","background-media":"","overlay-type":"","overlay-color":"","overlay-opacity":"","overlay-gradient":""},"tablet":{"background-color":"var(--ast-global-color-5)","background-image":"","background-repeat":"repeat","background-position":"center center","background-size":"auto","background-attachment":"scroll","background-type":"","background-media":"","overlay-type":"","overlay-color":"","overlay-opacity":"","overlay-gradient":""},"mobile":{"background-color":"var(--ast-global-color-5)","background-image":"","background-repeat":"repeat","background-position":"center center","background-size":"auto","background-attachment":"scroll","background-type":"","background-media":"","overlay-type":"","overlay-color":"","overlay-opacity":"","overlay-gradient":""}}},"product_brand":[],"product_cat":[17],"product_tag":[153,164,811,857,858],"class_list":{"0":"post-3150","1":"product","2":"type-product","3":"status-publish","4":"has-post-thumbnail","6":"product_cat-rakete","7":"product_tag-feuerwerk-aschaffenburg","8":"product_tag-feuerwerk-miltenberg","9":"product_tag-feuerwerk-wertheim","10":"product_tag-z1","11":"product_tag-zink-rakete","12":"desktop-align-left","13":"tablet-align-left","14":"mobile-align-left","16":"first","17":"outofstock","18":"shipping-taxable","19":"purchasable","20":"product-type-simple"},"jetpack_sharing_enabled":true,"_links":{"self":[{"href":"https:\/\/franken-feuerwerk.de\/index.php\/wp-json\/wp\/v2\/product\/3150","targetHints":{"allow":["GET"]}}],"collection":[{"href":"https:\/\/franken-feuerwerk.de\/index.php\/wp-json\/wp\/v2\/product"}],"about":[{"href":"https:\/\/franken-feuerwerk.de\/index.php\/wp-json\/wp\/v2\/types\/product"}],"wp:featuredmedia":[{"embeddable":true,"href":"https:\/\/franken-feuerwerk.de\/index.php\/wp-json\/wp\/v2\/media\/3151"}],"wp:attachment":[{"href":"https:\/\/franken-feuerwerk.de\/index.php\/wp-json\/wp\/v2\/media?parent=3150"}],"wp:term":[{"taxonomy":"product_brand","embeddable":true,"href":"https:\/\/franken-feuerwerk.de\/index.php\/wp-json\/wp\/v2\/product_brand?post=3150"},{"taxonomy":"product_cat","embeddable":true,"href":"https:\/\/franken-feuerwerk.de\/index.php\/wp-json\/wp\/v2\/product_cat?post=3150"},{"taxonomy":"product_tag","embeddable":true,"href":"https:\/\/franken-feuerwerk.de\/index.php\/wp-json\/wp\/v2\/product_tag?post=3150"}],"curies":[{"name":"wp","href":"https:\/\/api.w.org\/{rel}","templated":true}]}}