{"id":3770,"date":"2025-05-03T11:52:46","date_gmt":"2025-05-03T10:52:46","guid":{"rendered":"https:\/\/franken-feuerwerk.de\/?post_type=product&#038;p=3770"},"modified":"2026-02-11T11:48:31","modified_gmt":"2026-02-11T10:48:31","slug":"venezia","status":"publish","type":"product","link":"https:\/\/franken-feuerwerk.de\/index.php\/produkt\/venezia\/","title":{"rendered":"Venezia"},"content":{"rendered":"<p>Venezia, Gef\u00e4cherte Premium-Font\u00e4nenbatterie mit 4 romantischen Effektbildern.<\/p>\n<p>Bild 1: Zum Beginn eine silberne Prachtfont\u00e4ne.<br \/>\nBild 2: 2 stark gef\u00e4cherte Silberweiden mit roten Blinksternen.<br \/>\nBild 3: 3 gef\u00e4cherte, goldene Weiden-Font\u00e4nen mit zitrongelben und blauen Sternen.<br \/>\nBild 4: 3 gef\u00e4cherte, silberne Schweiffont\u00e4nen mit anschlie\u00dfender Verwandlung zu Silber- chrysanthemen mit roten und gr\u00fcnen Prachtsternen.<\/p>\n","protected":false},"excerpt":{"rendered":"<p>Venezia, Gef\u00e4cherte Premium-Font\u00e4nenbatterie mit 4 romantischen Effektbildern. Bild 1: Zum Beginn eine silberne Prachtfont\u00e4ne. Bild 2: 2 stark gef\u00e4cherte Silberweiden mit roten Blinksternen. Bild 3: 3 gef\u00e4cherte, goldene Weiden-Font\u00e4nen mit zitrongelben und blauen Sternen. Bild 4: 3 gef\u00e4cherte, silberne Schweiffont\u00e4nen mit anschlie\u00dfender Verwandlung zu Silber- chrysanthemen mit roten und gr\u00fcnen Prachtsternen.<\/p>\n","protected":false},"featured_media":3771,"template":"","meta":{"site-sidebar-layout":"default","site-content-layout":"","ast-site-content-layout":"default","site-content-style":"default","site-sidebar-style":"default","ast-global-header-display":"","ast-banner-title-visibility":"","ast-main-header-display":"","ast-hfb-above-header-display":"","ast-hfb-below-header-display":"","ast-hfb-mobile-header-display":"","site-post-title":"","ast-breadcrumbs-content":"","ast-featured-img":"","footer-sml-layout":"","ast-disable-related-posts":"","theme-transparent-header-meta":"default","adv-header-id-meta":"","stick-header-meta":"","header-above-stick-meta":"","header-main-stick-meta":"","header-below-stick-meta":"","astra-migrate-meta-layouts":"set","ast-page-background-enabled":"default","ast-page-background-meta":{"desktop":{"background-color":"var(--ast-global-color-4)","background-image":"","background-repeat":"repeat","background-position":"center center","background-size":"auto","background-attachment":"scroll","background-type":"","background-media":"","overlay-type":"","overlay-color":"","overlay-opacity":"","overlay-gradient":""},"tablet":{"background-color":"","background-image":"","background-repeat":"repeat","background-position":"center center","background-size":"auto","background-attachment":"scroll","background-type":"","background-media":"","overlay-type":"","overlay-color":"","overlay-opacity":"","overlay-gradient":""},"mobile":{"background-color":"","background-image":"","background-repeat":"repeat","background-position":"center center","background-size":"auto","background-attachment":"scroll","background-type":"","background-media":"","overlay-type":"","overlay-color":"","overlay-opacity":"","overlay-gradient":""}},"ast-content-background-meta":{"desktop":{"background-color":"var(--ast-global-color-5)","background-image":"","background-repeat":"repeat","background-position":"center center","background-size":"auto","background-attachment":"scroll","background-type":"","background-media":"","overlay-type":"","overlay-color":"","overlay-opacity":"","overlay-gradient":""},"tablet":{"background-color":"var(--ast-global-color-5)","background-image":"","background-repeat":"repeat","background-position":"center center","background-size":"auto","background-attachment":"scroll","background-type":"","background-media":"","overlay-type":"","overlay-color":"","overlay-opacity":"","overlay-gradient":""},"mobile":{"background-color":"var(--ast-global-color-5)","background-image":"","background-repeat":"repeat","background-position":"center center","background-size":"auto","background-attachment":"scroll","background-type":"","background-media":"","overlay-type":"","overlay-color":"","overlay-opacity":"","overlay-gradient":""}}},"product_brand":[],"product_cat":[38,47],"product_tag":[1082,153,317,1083,164,752,1084],"class_list":{"0":"post-3770","1":"product","2":"type-product","3":"status-publish","4":"has-post-thumbnail","6":"product_cat-leuchtfeuerwerk","7":"product_cat-stilles-feuerwerk","8":"product_tag-faecherfontaene","9":"product_tag-feuerwerk-aschaffenburg","10":"product_tag-feuerwerk-buchen","11":"product_tag-feuerwerk-mannheim","12":"product_tag-feuerwerk-miltenberg","13":"product_tag-fontaene","14":"product_tag-michaelismesse-feuerwerk","15":"desktop-align-left","16":"tablet-align-left","17":"mobile-align-left","19":"first","20":"instock","21":"shipping-taxable","22":"purchasable","23":"product-type-simple"},"jetpack_sharing_enabled":true,"_links":{"self":[{"href":"https:\/\/franken-feuerwerk.de\/index.php\/wp-json\/wp\/v2\/product\/3770","targetHints":{"allow":["GET"]}}],"collection":[{"href":"https:\/\/franken-feuerwerk.de\/index.php\/wp-json\/wp\/v2\/product"}],"about":[{"href":"https:\/\/franken-feuerwerk.de\/index.php\/wp-json\/wp\/v2\/types\/product"}],"wp:featuredmedia":[{"embeddable":true,"href":"https:\/\/franken-feuerwerk.de\/index.php\/wp-json\/wp\/v2\/media\/3771"}],"wp:attachment":[{"href":"https:\/\/franken-feuerwerk.de\/index.php\/wp-json\/wp\/v2\/media?parent=3770"}],"wp:term":[{"taxonomy":"product_brand","embeddable":true,"href":"https:\/\/franken-feuerwerk.de\/index.php\/wp-json\/wp\/v2\/product_brand?post=3770"},{"taxonomy":"product_cat","embeddable":true,"href":"https:\/\/franken-feuerwerk.de\/index.php\/wp-json\/wp\/v2\/product_cat?post=3770"},{"taxonomy":"product_tag","embeddable":true,"href":"https:\/\/franken-feuerwerk.de\/index.php\/wp-json\/wp\/v2\/product_tag?post=3770"}],"curies":[{"name":"wp","href":"https:\/\/api.w.org\/{rel}","templated":true}]}}