{"id":4246,"date":"2026-02-09T16:19:48","date_gmt":"2026-02-09T15:19:48","guid":{"rendered":"https:\/\/franken-feuerwerk.de\/?post_type=product&#038;p=4246"},"modified":"2026-02-11T11:30:41","modified_gmt":"2026-02-11T10:30:41","slug":"baywatch","status":"publish","type":"product","link":"https:\/\/franken-feuerwerk.de\/index.php\/produkt\/baywatch\/","title":{"rendered":"Baywatch"},"content":{"rendered":"<p>Baywatch,<br \/>\nZ-F\u00e4cher-Batterie mit blauen Leuchtsternen, kombiniert mit Blinkfeuert\u00f6pfen und Goldeffekten.<br \/>\nEffekte:<\/p>\n<p>1.) Z-F\u00e4cher: Feuert\u00f6pfe in Goldblinker-Blau zu Goldschweifaufstiegen zu Goldregen mit blauen Sternen;<br \/>\n2.) 2 F\u00e4cher-Salven aus Feuert\u00f6pfen in Gr\u00fcnblinker-Blau zu Corolla-Schweifaufstiegen zu Corollaweiden mit blauen Sternen<br \/>\n3.) 2 F\u00e4cher-Salven aus Feuert\u00f6pfen in Rotblinker-Blau zu Brokatschweif-Aufstiegen zu Brokatkronen mit blauen Sternen<\/p>\n","protected":false},"excerpt":{"rendered":"<p>Baywatch, Z-F\u00e4cher-Batterie mit blauen Leuchtsternen, kombiniert mit Blinkfeuert\u00f6pfen und Goldeffekten. Effekte: 1.) Z-F\u00e4cher: Feuert\u00f6pfe in Goldblinker-Blau zu Goldschweifaufstiegen zu Goldregen mit blauen Sternen; 2.) 2 F\u00e4cher-Salven aus Feuert\u00f6pfen in Gr\u00fcnblinker-Blau zu Corolla-Schweifaufstiegen zu Corollaweiden mit blauen Sternen 3.) 2 F\u00e4cher-Salven aus Feuert\u00f6pfen in Rotblinker-Blau zu Brokatschweif-Aufstiegen zu Brokatkronen mit blauen Sternen<\/p>\n","protected":false},"featured_media":4247,"template":"","meta":{"site-sidebar-layout":"default","site-content-layout":"","ast-site-content-layout":"default","site-content-style":"default","site-sidebar-style":"default","ast-global-header-display":"","ast-banner-title-visibility":"","ast-main-header-display":"","ast-hfb-above-header-display":"","ast-hfb-below-header-display":"","ast-hfb-mobile-header-display":"","site-post-title":"","ast-breadcrumbs-content":"","ast-featured-img":"","footer-sml-layout":"","ast-disable-related-posts":"","theme-transparent-header-meta":"default","adv-header-id-meta":"","stick-header-meta":"","header-above-stick-meta":"","header-main-stick-meta":"","header-below-stick-meta":"","astra-migrate-meta-layouts":"set","ast-page-background-enabled":"default","ast-page-background-meta":{"desktop":{"background-color":"var(--ast-global-color-4)","background-image":"","background-repeat":"repeat","background-position":"center center","background-size":"auto","background-attachment":"scroll","background-type":"","background-media":"","overlay-type":"","overlay-color":"","overlay-opacity":"","overlay-gradient":""},"tablet":{"background-color":"","background-image":"","background-repeat":"repeat","background-position":"center center","background-size":"auto","background-attachment":"scroll","background-type":"","background-media":"","overlay-type":"","overlay-color":"","overlay-opacity":"","overlay-gradient":""},"mobile":{"background-color":"","background-image":"","background-repeat":"repeat","background-position":"center center","background-size":"auto","background-attachment":"scroll","background-type":"","background-media":"","overlay-type":"","overlay-color":"","overlay-opacity":"","overlay-gradient":""}},"ast-content-background-meta":{"desktop":{"background-color":"var(--ast-global-color-5)","background-image":"","background-repeat":"repeat","background-position":"center center","background-size":"auto","background-attachment":"scroll","background-type":"","background-media":"","overlay-type":"","overlay-color":"","overlay-opacity":"","overlay-gradient":""},"tablet":{"background-color":"var(--ast-global-color-5)","background-image":"","background-repeat":"repeat","background-position":"center center","background-size":"auto","background-attachment":"scroll","background-type":"","background-media":"","overlay-type":"","overlay-color":"","overlay-opacity":"","overlay-gradient":""},"mobile":{"background-color":"var(--ast-global-color-5)","background-image":"","background-repeat":"repeat","background-position":"center center","background-size":"auto","background-attachment":"scroll","background-type":"","background-media":"","overlay-type":"","overlay-color":"","overlay-opacity":"","overlay-gradient":""}}},"product_brand":[],"product_cat":[588,1255,21,1081,1244,1250,1087],"product_tag":[1295,718,153,164,811,1225,505,1296],"class_list":{"0":"post-4246","1":"product","2":"type-product","3":"status-publish","4":"has-post-thumbnail","6":"product_cat-marke","7":"product_cat-batterie-funke-albert-marke","8":"product_cat-batterien","9":"product_cat-faecherbatterien","10":"product_cat-funke-albert-batterien","11":"product_cat-funke-albert-marke","12":"product_cat-neuheiten","13":"product_tag-albert-baywatch","14":"product_tag-albert-feuerwerk","15":"product_tag-feuerwerk-aschaffenburg","16":"product_tag-feuerwerk-miltenberg","17":"product_tag-feuerwerk-wertheim","18":"product_tag-franken","19":"product_tag-franken-feuerwerk","20":"product_tag-funke-baywatch","21":"desktop-align-left","22":"tablet-align-left","23":"mobile-align-left","25":"first","26":"instock","27":"shipping-taxable","28":"purchasable","29":"product-type-simple"},"jetpack_sharing_enabled":true,"_links":{"self":[{"href":"https:\/\/franken-feuerwerk.de\/index.php\/wp-json\/wp\/v2\/product\/4246","targetHints":{"allow":["GET"]}}],"collection":[{"href":"https:\/\/franken-feuerwerk.de\/index.php\/wp-json\/wp\/v2\/product"}],"about":[{"href":"https:\/\/franken-feuerwerk.de\/index.php\/wp-json\/wp\/v2\/types\/product"}],"wp:featuredmedia":[{"embeddable":true,"href":"https:\/\/franken-feuerwerk.de\/index.php\/wp-json\/wp\/v2\/media\/4247"}],"wp:attachment":[{"href":"https:\/\/franken-feuerwerk.de\/index.php\/wp-json\/wp\/v2\/media?parent=4246"}],"wp:term":[{"taxonomy":"product_brand","embeddable":true,"href":"https:\/\/franken-feuerwerk.de\/index.php\/wp-json\/wp\/v2\/product_brand?post=4246"},{"taxonomy":"product_cat","embeddable":true,"href":"https:\/\/franken-feuerwerk.de\/index.php\/wp-json\/wp\/v2\/product_cat?post=4246"},{"taxonomy":"product_tag","embeddable":true,"href":"https:\/\/franken-feuerwerk.de\/index.php\/wp-json\/wp\/v2\/product_tag?post=4246"}],"curies":[{"name":"wp","href":"https:\/\/api.w.org\/{rel}","templated":true}]}}